{"id":64,"date":"2024-11-15T16:48:42","date_gmt":"2024-11-15T16:48:42","guid":{"rendered":"https:\/\/www.ecojardi.com\/?page_id=64"},"modified":"2025-03-19T13:30:55","modified_gmt":"2025-03-19T13:30:55","slug":"muebles-de-exterior","status":"publish","type":"page","link":"https:\/\/www.ecojardi.com\/index.php\/muebles-de-exterior\/","title":{"rendered":"Muebles de exterior a medida"},"content":{"rendered":"\n<figure class=\"wp-block-image size-large\"><img loading=\"lazy\" decoding=\"async\" width=\"1600\" height=\"900\" src=\"https:\/\/www.ecojardi.com\/wp-content\/uploads\/2024\/11\/mueble-exterior-Barcelona-7-edited-1.jpg\" alt=\"\" class=\"wp-image-282\" srcset=\"https:\/\/www.ecojardi.com\/wp-content\/uploads\/2024\/11\/mueble-exterior-Barcelona-7-edited-1.jpg 1600w, https:\/\/www.ecojardi.com\/wp-content\/uploads\/2024\/11\/mueble-exterior-Barcelona-7-edited-1-300x169.jpg 300w, https:\/\/www.ecojardi.com\/wp-content\/uploads\/2024\/11\/mueble-exterior-Barcelona-7-edited-1-1024x576.jpg 1024w, https:\/\/www.ecojardi.com\/wp-content\/uploads\/2024\/11\/mueble-exterior-Barcelona-7-edited-1-768x432.jpg 768w, https:\/\/www.ecojardi.com\/wp-content\/uploads\/2024\/11\/mueble-exterior-Barcelona-7-edited-1-1536x864.jpg 1536w\" sizes=\"auto, (max-width: 1600px) 100vw, 1600px\" \/><\/figure>\n\n\n\n<div class=\"wp-block-group alignwide has-global-padding is-layout-constrained wp-block-group-is-layout-constrained\">\n<h1 class=\"wp-block-heading alignwide has-text-align-center has-xx-large-font-size\" style=\"line-height:1.2\">Dise\u00f1a el espacio perfecto para ti. Resistentes y duraderos. Tu visi\u00f3n, nuestra creaci\u00f3n.<\/h1>\n<\/div>\n\n\n\n<figure class=\"wp-block-image size-large\"><img loading=\"lazy\" decoding=\"async\" width=\"1024\" height=\"576\" src=\"https:\/\/www.ecojardi.com\/wp-content\/uploads\/2024\/11\/porticons-fusta-sintetica-1024x576.jpg\" alt=\"\" class=\"wp-image-277\" srcset=\"https:\/\/www.ecojardi.com\/wp-content\/uploads\/2024\/11\/porticons-fusta-sintetica-1024x576.jpg 1024w, https:\/\/www.ecojardi.com\/wp-content\/uploads\/2024\/11\/porticons-fusta-sintetica-300x169.jpg 300w, https:\/\/www.ecojardi.com\/wp-content\/uploads\/2024\/11\/porticons-fusta-sintetica-768x432.jpg 768w, https:\/\/www.ecojardi.com\/wp-content\/uploads\/2024\/11\/porticons-fusta-sintetica-1536x864.jpg 1536w, https:\/\/www.ecojardi.com\/wp-content\/uploads\/2024\/11\/porticons-fusta-sintetica-2048x1152.jpg 2048w\" sizes=\"auto, (max-width: 1024px) 100vw, 1024px\" \/><\/figure>\n\n\n\n<figure class=\"wp-block-image size-large\"><img loading=\"lazy\" decoding=\"async\" width=\"1024\" height=\"576\" src=\"https:\/\/www.ecojardi.com\/wp-content\/uploads\/2024\/11\/mobles-amb-fusta-sintetica-1024x576.jpg\" alt=\"\" class=\"wp-image-278\" srcset=\"https:\/\/www.ecojardi.com\/wp-content\/uploads\/2024\/11\/mobles-amb-fusta-sintetica-1024x576.jpg 1024w, https:\/\/www.ecojardi.com\/wp-content\/uploads\/2024\/11\/mobles-amb-fusta-sintetica-300x169.jpg 300w, https:\/\/www.ecojardi.com\/wp-content\/uploads\/2024\/11\/mobles-amb-fusta-sintetica-768x432.jpg 768w, https:\/\/www.ecojardi.com\/wp-content\/uploads\/2024\/11\/mobles-amb-fusta-sintetica-1536x864.jpg 1536w, https:\/\/www.ecojardi.com\/wp-content\/uploads\/2024\/11\/mobles-amb-fusta-sintetica-2048x1152.jpg 2048w\" sizes=\"auto, (max-width: 1024px) 100vw, 1024px\" \/><\/figure>\n\n\n\n<h2 class=\"wp-block-heading has-text-align-center\">Muebles de exterior para tu terraza. Vers\u00e1tiles y funcionales para todo el a\u00f1o.<\/h2>\n\n\n\n<figure class=\"wp-block-image size-large\"><img loading=\"lazy\" decoding=\"async\" width=\"1024\" height=\"576\" src=\"http:\/\/www.ecojardi.com\/wp-content\/uploads\/2024\/11\/dutxa-fusta-sintetica-edited-1024x576.jpg\" alt=\"\" class=\"wp-image-280\" srcset=\"https:\/\/www.ecojardi.com\/wp-content\/uploads\/2024\/11\/dutxa-fusta-sintetica-edited-1024x576.jpg 1024w, https:\/\/www.ecojardi.com\/wp-content\/uploads\/2024\/11\/dutxa-fusta-sintetica-edited-300x169.jpg 300w, https:\/\/www.ecojardi.com\/wp-content\/uploads\/2024\/11\/dutxa-fusta-sintetica-edited-768x432.jpg 768w, https:\/\/www.ecojardi.com\/wp-content\/uploads\/2024\/11\/dutxa-fusta-sintetica-edited-1536x864.jpg 1536w, https:\/\/www.ecojardi.com\/wp-content\/uploads\/2024\/11\/dutxa-fusta-sintetica-edited-2048x1152.jpg 2048w\" sizes=\"auto, (max-width: 1024px) 100vw, 1024px\" \/><\/figure>\n\n\n\n<figure class=\"wp-block-image size-large\"><img loading=\"lazy\" decoding=\"async\" width=\"1024\" height=\"576\" src=\"http:\/\/www.ecojardi.com\/wp-content\/uploads\/2024\/11\/mobles-fusta-sintetica-2-1024x576.jpg\" alt=\"\" class=\"wp-image-275\" srcset=\"https:\/\/www.ecojardi.com\/wp-content\/uploads\/2024\/11\/mobles-fusta-sintetica-2-1024x576.jpg 1024w, https:\/\/www.ecojardi.com\/wp-content\/uploads\/2024\/11\/mobles-fusta-sintetica-2-300x169.jpg 300w, https:\/\/www.ecojardi.com\/wp-content\/uploads\/2024\/11\/mobles-fusta-sintetica-2-768x432.jpg 768w, https:\/\/www.ecojardi.com\/wp-content\/uploads\/2024\/11\/mobles-fusta-sintetica-2-1536x864.jpg 1536w, https:\/\/www.ecojardi.com\/wp-content\/uploads\/2024\/11\/mobles-fusta-sintetica-2-2048x1152.jpg 2048w\" sizes=\"auto, (max-width: 1024px) 100vw, 1024px\" \/><\/figure>\n\n\n\n<figure class=\"wp-block-image size-large\"><img loading=\"lazy\" decoding=\"async\" width=\"1024\" height=\"511\" src=\"https:\/\/www.ecojardi.com\/wp-content\/uploads\/2025\/03\/muebles-de-exterior-Barcelona-1024x511.png\" alt=\"\" class=\"wp-image-347\" srcset=\"https:\/\/www.ecojardi.com\/wp-content\/uploads\/2025\/03\/muebles-de-exterior-Barcelona-1024x511.png 1024w, https:\/\/www.ecojardi.com\/wp-content\/uploads\/2025\/03\/muebles-de-exterior-Barcelona-300x150.png 300w, https:\/\/www.ecojardi.com\/wp-content\/uploads\/2025\/03\/muebles-de-exterior-Barcelona-768x384.png 768w, https:\/\/www.ecojardi.com\/wp-content\/uploads\/2025\/03\/muebles-de-exterior-Barcelona-1536x767.png 1536w, https:\/\/www.ecojardi.com\/wp-content\/uploads\/2025\/03\/muebles-de-exterior-Barcelona.png 1920w\" sizes=\"auto, (max-width: 1024px) 100vw, 1024px\" \/><\/figure>\n\n\n\n<h2 class=\"wp-block-heading\">Puertas correderas, bancos, escaleras, revestimientos de paredes, jacuzzis, etc..<\/h2>\n\n\n\n<p><\/p>\n\n\n\n<figure class=\"wp-block-image size-large\"><img loading=\"lazy\" decoding=\"async\" width=\"1024\" height=\"576\" src=\"https:\/\/www.ecojardi.com\/wp-content\/uploads\/2025\/03\/escales-fusta-sintetica-1024x576.jpg\" alt=\"\" class=\"wp-image-349\" srcset=\"https:\/\/www.ecojardi.com\/wp-content\/uploads\/2025\/03\/escales-fusta-sintetica-1024x576.jpg 1024w, https:\/\/www.ecojardi.com\/wp-content\/uploads\/2025\/03\/escales-fusta-sintetica-300x169.jpg 300w, https:\/\/www.ecojardi.com\/wp-content\/uploads\/2025\/03\/escales-fusta-sintetica-768x432.jpg 768w, https:\/\/www.ecojardi.com\/wp-content\/uploads\/2025\/03\/escales-fusta-sintetica-1536x864.jpg 1536w, https:\/\/www.ecojardi.com\/wp-content\/uploads\/2025\/03\/escales-fusta-sintetica.jpg 1600w\" sizes=\"auto, (max-width: 1024px) 100vw, 1024px\" \/><\/figure>\n\n\n\n<figure class=\"wp-block-image size-full is-resized\"><img loading=\"lazy\" decoding=\"async\" width=\"300\" height=\"169\" src=\"https:\/\/www.ecojardi.com\/wp-content\/uploads\/2025\/03\/ecojardi-8-filtered.jpg\" alt=\"\" class=\"wp-image-350\" style=\"width:620px;height:auto\"\/><\/figure>\n\n\n\n<figure class=\"wp-block-image size-large\"><img loading=\"lazy\" decoding=\"async\" width=\"1024\" height=\"576\" src=\"https:\/\/www.ecojardi.com\/wp-content\/uploads\/2025\/03\/mobles-fusta-sintetica-1024x576.jpg\" alt=\"\" class=\"wp-image-351\" srcset=\"https:\/\/www.ecojardi.com\/wp-content\/uploads\/2025\/03\/mobles-fusta-sintetica-1024x576.jpg 1024w, https:\/\/www.ecojardi.com\/wp-content\/uploads\/2025\/03\/mobles-fusta-sintetica-300x169.jpg 300w, https:\/\/www.ecojardi.com\/wp-content\/uploads\/2025\/03\/mobles-fusta-sintetica-768x432.jpg 768w, https:\/\/www.ecojardi.com\/wp-content\/uploads\/2025\/03\/mobles-fusta-sintetica-1536x864.jpg 1536w, https:\/\/www.ecojardi.com\/wp-content\/uploads\/2025\/03\/mobles-fusta-sintetica-2048x1152.jpg 2048w\" sizes=\"auto, (max-width: 1024px) 100vw, 1024px\" \/><\/figure>\n\n\n\n<h2 class=\"wp-block-heading\">Duchas, armarios, cocinas, todo lo que se te ocurra para mejorar tu terraza. Sin mantenimiento<\/h2>\n\n\n\n<figure class=\"wp-block-image size-large\"><img loading=\"lazy\" decoding=\"async\" width=\"1024\" height=\"461\" src=\"https:\/\/www.ecojardi.com\/wp-content\/uploads\/2025\/03\/mueble-exterior-Barcelona-4-1024x461.jpg\" alt=\"\" class=\"wp-image-352\" srcset=\"https:\/\/www.ecojardi.com\/wp-content\/uploads\/2025\/03\/mueble-exterior-Barcelona-4-1024x461.jpg 1024w, https:\/\/www.ecojardi.com\/wp-content\/uploads\/2025\/03\/mueble-exterior-Barcelona-4-300x135.jpg 300w, https:\/\/www.ecojardi.com\/wp-content\/uploads\/2025\/03\/mueble-exterior-Barcelona-4-768x345.jpg 768w, https:\/\/www.ecojardi.com\/wp-content\/uploads\/2025\/03\/mueble-exterior-Barcelona-4-1536x691.jpg 1536w, https:\/\/www.ecojardi.com\/wp-content\/uploads\/2025\/03\/mueble-exterior-Barcelona-4.jpg 2048w\" sizes=\"auto, (max-width: 1024px) 100vw, 1024px\" \/><\/figure>\n\n\n\n<figure class=\"wp-block-image size-large\"><img loading=\"lazy\" decoding=\"async\" width=\"1024\" height=\"768\" src=\"https:\/\/www.ecojardi.com\/wp-content\/uploads\/2025\/03\/mueble-exterior-Barcelona-1024x768.jpg\" alt=\"\" class=\"wp-image-353\" srcset=\"https:\/\/www.ecojardi.com\/wp-content\/uploads\/2025\/03\/mueble-exterior-Barcelona-1024x768.jpg 1024w, https:\/\/www.ecojardi.com\/wp-content\/uploads\/2025\/03\/mueble-exterior-Barcelona-300x225.jpg 300w, https:\/\/www.ecojardi.com\/wp-content\/uploads\/2025\/03\/mueble-exterior-Barcelona-768x576.jpg 768w, https:\/\/www.ecojardi.com\/wp-content\/uploads\/2025\/03\/mueble-exterior-Barcelona-1536x1152.jpg 1536w, https:\/\/www.ecojardi.com\/wp-content\/uploads\/2025\/03\/mueble-exterior-Barcelona.jpg 1600w\" sizes=\"auto, (max-width: 1024px) 100vw, 1024px\" \/><\/figure>\n\n\n\n<figure class=\"wp-block-image size-large\"><img loading=\"lazy\" decoding=\"async\" width=\"1024\" height=\"765\" src=\"https:\/\/www.ecojardi.com\/wp-content\/uploads\/2025\/03\/mueble-exterior-Barcelona-3-1024x765.jpg\" alt=\"\" class=\"wp-image-354\" srcset=\"https:\/\/www.ecojardi.com\/wp-content\/uploads\/2025\/03\/mueble-exterior-Barcelona-3-1024x765.jpg 1024w, https:\/\/www.ecojardi.com\/wp-content\/uploads\/2025\/03\/mueble-exterior-Barcelona-3-300x224.jpg 300w, https:\/\/www.ecojardi.com\/wp-content\/uploads\/2025\/03\/mueble-exterior-Barcelona-3-768x574.jpg 768w, https:\/\/www.ecojardi.com\/wp-content\/uploads\/2025\/03\/mueble-exterior-Barcelona-3-1536x1148.jpg 1536w, https:\/\/www.ecojardi.com\/wp-content\/uploads\/2025\/03\/mueble-exterior-Barcelona-3.jpg 1600w\" sizes=\"auto, (max-width: 1024px) 100vw, 1024px\" \/><\/figure>\n\n\n\n<figure class=\"wp-block-image size-large\"><img loading=\"lazy\" decoding=\"async\" width=\"1024\" height=\"576\" src=\"https:\/\/www.ecojardi.com\/wp-content\/uploads\/2025\/03\/mueble-exterior-Barcelona-2-1024x576.jpg\" alt=\"\" class=\"wp-image-355\" srcset=\"https:\/\/www.ecojardi.com\/wp-content\/uploads\/2025\/03\/mueble-exterior-Barcelona-2-1024x576.jpg 1024w, https:\/\/www.ecojardi.com\/wp-content\/uploads\/2025\/03\/mueble-exterior-Barcelona-2-300x169.jpg 300w, https:\/\/www.ecojardi.com\/wp-content\/uploads\/2025\/03\/mueble-exterior-Barcelona-2-768x432.jpg 768w, https:\/\/www.ecojardi.com\/wp-content\/uploads\/2025\/03\/mueble-exterior-Barcelona-2-1536x864.jpg 1536w, https:\/\/www.ecojardi.com\/wp-content\/uploads\/2025\/03\/mueble-exterior-Barcelona-2.jpg 2000w\" sizes=\"auto, (max-width: 1024px) 100vw, 1024px\" \/><\/figure>\n\n\n\n<figure class=\"wp-block-image size-large\"><img loading=\"lazy\" decoding=\"async\" width=\"1024\" height=\"576\" src=\"https:\/\/www.ecojardi.com\/wp-content\/uploads\/2025\/03\/muebles-de-exterior-Barcelona-1024x576.jpg\" alt=\"\" class=\"wp-image-356\" srcset=\"https:\/\/www.ecojardi.com\/wp-content\/uploads\/2025\/03\/muebles-de-exterior-Barcelona-1024x576.jpg 1024w, https:\/\/www.ecojardi.com\/wp-content\/uploads\/2025\/03\/muebles-de-exterior-Barcelona-300x169.jpg 300w, https:\/\/www.ecojardi.com\/wp-content\/uploads\/2025\/03\/muebles-de-exterior-Barcelona-768x432.jpg 768w, https:\/\/www.ecojardi.com\/wp-content\/uploads\/2025\/03\/muebles-de-exterior-Barcelona-1536x864.jpg 1536w, https:\/\/www.ecojardi.com\/wp-content\/uploads\/2025\/03\/muebles-de-exterior-Barcelona.jpg 2000w\" sizes=\"auto, (max-width: 1024px) 100vw, 1024px\" \/><\/figure>\n\n\n\n<figure class=\"wp-block-image size-large\"><img loading=\"lazy\" decoding=\"async\" width=\"1024\" height=\"576\" src=\"https:\/\/www.ecojardi.com\/wp-content\/uploads\/2025\/03\/mueble-de-exterior-Barcelona-1024x576.jpg\" alt=\"\" class=\"wp-image-357\" srcset=\"https:\/\/www.ecojardi.com\/wp-content\/uploads\/2025\/03\/mueble-de-exterior-Barcelona-1024x576.jpg 1024w, https:\/\/www.ecojardi.com\/wp-content\/uploads\/2025\/03\/mueble-de-exterior-Barcelona-300x169.jpg 300w, https:\/\/www.ecojardi.com\/wp-content\/uploads\/2025\/03\/mueble-de-exterior-Barcelona-768x432.jpg 768w, https:\/\/www.ecojardi.com\/wp-content\/uploads\/2025\/03\/mueble-de-exterior-Barcelona-1536x864.jpg 1536w, https:\/\/www.ecojardi.com\/wp-content\/uploads\/2025\/03\/mueble-de-exterior-Barcelona.jpg 2000w\" sizes=\"auto, (max-width: 1024px) 100vw, 1024px\" \/><\/figure>\n","protected":false},"excerpt":{"rendered":"<p>Dise\u00f1a el espacio perfecto para ti. Resistentes y duraderos. Tu visi\u00f3n, nuestra creaci\u00f3n. Muebles de exterior para tu terraza. Vers\u00e1tiles y funcionales para todo el a\u00f1o. Puertas correderas, bancos, escaleras, revestimientos de paredes, jacuzzis, etc.. Duchas, armarios, cocinas, todo lo que se te ocurra para mejorar tu terraza. Sin mantenimiento<\/p>\n","protected":false},"author":1,"featured_media":0,"parent":0,"menu_order":0,"comment_status":"closed","ping_status":"closed","template":"","meta":{"om_disable_all_campaigns":false,"_monsterinsights_skip_tracking":false,"_monsterinsights_sitenote_active":false,"_monsterinsights_sitenote_note":"","_monsterinsights_sitenote_category":0,"_uf_show_specific_survey":0,"_uf_disable_surveys":false,"footnotes":""},"class_list":["post-64","page","type-page","status-publish","hentry"],"yoast_head":"<!-- This site is optimized with the Yoast SEO plugin v24.8.1 - https:\/\/yoast.com\/wordpress\/plugins\/seo\/ -->\n<title>Muebles de exterior a medida - www.ecojardi.com<\/title>\n<meta name=\"robots\" content=\"index, follow, max-snippet:-1, max-image-preview:large, max-video-preview:-1\" \/>\n<link rel=\"canonical\" href=\"https:\/\/www.ecojardi.com\/index.php\/muebles-de-exterior\/\" \/>\n<meta property=\"og:locale\" content=\"es_ES\" \/>\n<meta property=\"og:type\" content=\"article\" \/>\n<meta property=\"og:title\" content=\"Muebles de exterior a medida - www.ecojardi.com\" \/>\n<meta property=\"og:description\" content=\"Dise\u00f1a el espacio perfecto para ti. Resistentes y duraderos. Tu visi\u00f3n, nuestra creaci\u00f3n. Muebles de exterior para tu terraza. Vers\u00e1tiles y funcionales para todo el a\u00f1o. Puertas correderas, bancos, escaleras, revestimientos de paredes, jacuzzis, etc.. Duchas, armarios, cocinas, todo lo que se te ocurra para mejorar tu terraza. Sin mantenimiento\" \/>\n<meta property=\"og:url\" content=\"https:\/\/www.ecojardi.com\/index.php\/muebles-de-exterior\/\" \/>\n<meta property=\"og:site_name\" content=\"www.ecojardi.com\" \/>\n<meta property=\"article:publisher\" content=\"https:\/\/www.facebook.com\/ecojardi2\/\" \/>\n<meta property=\"article:modified_time\" content=\"2025-03-19T13:30:55+00:00\" \/>\n<meta property=\"og:image\" content=\"https:\/\/www.ecojardi.com\/wp-content\/uploads\/2024\/11\/mueble-exterior-Barcelona-7-edited-1.jpg\" \/>\n\t<meta property=\"og:image:width\" content=\"1600\" \/>\n\t<meta property=\"og:image:height\" content=\"900\" \/>\n\t<meta property=\"og:image:type\" content=\"image\/jpeg\" \/>\n<meta name=\"twitter:card\" content=\"summary_large_image\" \/>\n<meta name=\"twitter:label1\" content=\"Tiempo de lectura\" \/>\n\t<meta name=\"twitter:data1\" content=\"4 minutos\" \/>\n<script type=\"application\/ld+json\" class=\"yoast-schema-graph\">{\"@context\":\"https:\/\/schema.org\",\"@graph\":[{\"@type\":\"WebPage\",\"@id\":\"https:\/\/www.ecojardi.com\/index.php\/muebles-de-exterior\/\",\"url\":\"https:\/\/www.ecojardi.com\/index.php\/muebles-de-exterior\/\",\"name\":\"Muebles de exterior a medida - www.ecojardi.com\",\"isPartOf\":{\"@id\":\"https:\/\/www.ecojardi.com\/#website\"},\"primaryImageOfPage\":{\"@id\":\"https:\/\/www.ecojardi.com\/index.php\/muebles-de-exterior\/#primaryimage\"},\"image\":{\"@id\":\"https:\/\/www.ecojardi.com\/index.php\/muebles-de-exterior\/#primaryimage\"},\"thumbnailUrl\":\"https:\/\/www.ecojardi.com\/wp-content\/uploads\/2024\/11\/mueble-exterior-Barcelona-7-edited-1.jpg\",\"datePublished\":\"2024-11-15T16:48:42+00:00\",\"dateModified\":\"2025-03-19T13:30:55+00:00\",\"breadcrumb\":{\"@id\":\"https:\/\/www.ecojardi.com\/index.php\/muebles-de-exterior\/#breadcrumb\"},\"inLanguage\":\"es\",\"potentialAction\":[{\"@type\":\"ReadAction\",\"target\":[\"https:\/\/www.ecojardi.com\/index.php\/muebles-de-exterior\/\"]}]},{\"@type\":\"ImageObject\",\"inLanguage\":\"es\",\"@id\":\"https:\/\/www.ecojardi.com\/index.php\/muebles-de-exterior\/#primaryimage\",\"url\":\"https:\/\/www.ecojardi.com\/wp-content\/uploads\/2024\/11\/mueble-exterior-Barcelona-7-edited-1.jpg\",\"contentUrl\":\"https:\/\/www.ecojardi.com\/wp-content\/uploads\/2024\/11\/mueble-exterior-Barcelona-7-edited-1.jpg\",\"width\":1600,\"height\":900},{\"@type\":\"BreadcrumbList\",\"@id\":\"https:\/\/www.ecojardi.com\/index.php\/muebles-de-exterior\/#breadcrumb\",\"itemListElement\":[{\"@type\":\"ListItem\",\"position\":1,\"name\":\"Portada\",\"item\":\"https:\/\/www.ecojardi.com\/\"},{\"@type\":\"ListItem\",\"position\":2,\"name\":\"Muebles de exterior a medida\"}]},{\"@type\":\"WebSite\",\"@id\":\"https:\/\/www.ecojardi.com\/#website\",\"url\":\"https:\/\/www.ecojardi.com\/\",\"name\":\"www.ecojardi.com\",\"description\":\"Tarima exterior barcelona, Reforma de terrazas y jardines en Barcelona\",\"publisher\":{\"@id\":\"https:\/\/www.ecojardi.com\/#organization\"},\"potentialAction\":[{\"@type\":\"SearchAction\",\"target\":{\"@type\":\"EntryPoint\",\"urlTemplate\":\"https:\/\/www.ecojardi.com\/?s={search_term_string}\"},\"query-input\":{\"@type\":\"PropertyValueSpecification\",\"valueRequired\":true,\"valueName\":\"search_term_string\"}}],\"inLanguage\":\"es\"},{\"@type\":\"Organization\",\"@id\":\"https:\/\/www.ecojardi.com\/#organization\",\"name\":\"www.ecojardi.com\",\"url\":\"https:\/\/www.ecojardi.com\/\",\"logo\":{\"@type\":\"ImageObject\",\"inLanguage\":\"es\",\"@id\":\"https:\/\/www.ecojardi.com\/#\/schema\/logo\/image\/\",\"url\":\"https:\/\/www.ecojardi.com\/wp-content\/uploads\/2024\/11\/baixa.png\",\"contentUrl\":\"https:\/\/www.ecojardi.com\/wp-content\/uploads\/2024\/11\/baixa.png\",\"width\":284,\"height\":85,\"caption\":\"www.ecojardi.com\"},\"image\":{\"@id\":\"https:\/\/www.ecojardi.com\/#\/schema\/logo\/image\/\"},\"sameAs\":[\"https:\/\/www.facebook.com\/ecojardi2\/\",\"https:\/\/www.instagram.com\/ecojardi\/\",\"https:\/\/es.pinterest.com\/ecojardi\/\",\"https:\/\/www.habitissimo.es\/ecojardi\/-588905cdb36e0\",\"https:\/\/www.houzz.es\/profesionales\/jardineros\/ecojardi-pfvwes-pf~1763485695\",\"https:\/\/www.youtube.com\/ecojardi\"]}]}<\/script>\n<!-- \/ Yoast SEO plugin. -->","yoast_head_json":{"title":"Muebles de exterior a medida - www.ecojardi.com","robots":{"index":"index","follow":"follow","max-snippet":"max-snippet:-1","max-image-preview":"max-image-preview:large","max-video-preview":"max-video-preview:-1"},"canonical":"https:\/\/www.ecojardi.com\/index.php\/muebles-de-exterior\/","og_locale":"es_ES","og_type":"article","og_title":"Muebles de exterior a medida - www.ecojardi.com","og_description":"Dise\u00f1a el espacio perfecto para ti. Resistentes y duraderos. Tu visi\u00f3n, nuestra creaci\u00f3n. Muebles de exterior para tu terraza. Vers\u00e1tiles y funcionales para todo el a\u00f1o. Puertas correderas, bancos, escaleras, revestimientos de paredes, jacuzzis, etc.. Duchas, armarios, cocinas, todo lo que se te ocurra para mejorar tu terraza. Sin mantenimiento","og_url":"https:\/\/www.ecojardi.com\/index.php\/muebles-de-exterior\/","og_site_name":"www.ecojardi.com","article_publisher":"https:\/\/www.facebook.com\/ecojardi2\/","article_modified_time":"2025-03-19T13:30:55+00:00","og_image":[{"width":1600,"height":900,"url":"https:\/\/www.ecojardi.com\/wp-content\/uploads\/2024\/11\/mueble-exterior-Barcelona-7-edited-1.jpg","type":"image\/jpeg"}],"twitter_card":"summary_large_image","twitter_misc":{"Tiempo de lectura":"4 minutos"},"schema":{"@context":"https:\/\/schema.org","@graph":[{"@type":"WebPage","@id":"https:\/\/www.ecojardi.com\/index.php\/muebles-de-exterior\/","url":"https:\/\/www.ecojardi.com\/index.php\/muebles-de-exterior\/","name":"Muebles de exterior a medida - www.ecojardi.com","isPartOf":{"@id":"https:\/\/www.ecojardi.com\/#website"},"primaryImageOfPage":{"@id":"https:\/\/www.ecojardi.com\/index.php\/muebles-de-exterior\/#primaryimage"},"image":{"@id":"https:\/\/www.ecojardi.com\/index.php\/muebles-de-exterior\/#primaryimage"},"thumbnailUrl":"https:\/\/www.ecojardi.com\/wp-content\/uploads\/2024\/11\/mueble-exterior-Barcelona-7-edited-1.jpg","datePublished":"2024-11-15T16:48:42+00:00","dateModified":"2025-03-19T13:30:55+00:00","breadcrumb":{"@id":"https:\/\/www.ecojardi.com\/index.php\/muebles-de-exterior\/#breadcrumb"},"inLanguage":"es","potentialAction":[{"@type":"ReadAction","target":["https:\/\/www.ecojardi.com\/index.php\/muebles-de-exterior\/"]}]},{"@type":"ImageObject","inLanguage":"es","@id":"https:\/\/www.ecojardi.com\/index.php\/muebles-de-exterior\/#primaryimage","url":"https:\/\/www.ecojardi.com\/wp-content\/uploads\/2024\/11\/mueble-exterior-Barcelona-7-edited-1.jpg","contentUrl":"https:\/\/www.ecojardi.com\/wp-content\/uploads\/2024\/11\/mueble-exterior-Barcelona-7-edited-1.jpg","width":1600,"height":900},{"@type":"BreadcrumbList","@id":"https:\/\/www.ecojardi.com\/index.php\/muebles-de-exterior\/#breadcrumb","itemListElement":[{"@type":"ListItem","position":1,"name":"Portada","item":"https:\/\/www.ecojardi.com\/"},{"@type":"ListItem","position":2,"name":"Muebles de exterior a medida"}]},{"@type":"WebSite","@id":"https:\/\/www.ecojardi.com\/#website","url":"https:\/\/www.ecojardi.com\/","name":"www.ecojardi.com","description":"Tarima exterior barcelona, Reforma de terrazas y jardines en Barcelona","publisher":{"@id":"https:\/\/www.ecojardi.com\/#organization"},"potentialAction":[{"@type":"SearchAction","target":{"@type":"EntryPoint","urlTemplate":"https:\/\/www.ecojardi.com\/?s={search_term_string}"},"query-input":{"@type":"PropertyValueSpecification","valueRequired":true,"valueName":"search_term_string"}}],"inLanguage":"es"},{"@type":"Organization","@id":"https:\/\/www.ecojardi.com\/#organization","name":"www.ecojardi.com","url":"https:\/\/www.ecojardi.com\/","logo":{"@type":"ImageObject","inLanguage":"es","@id":"https:\/\/www.ecojardi.com\/#\/schema\/logo\/image\/","url":"https:\/\/www.ecojardi.com\/wp-content\/uploads\/2024\/11\/baixa.png","contentUrl":"https:\/\/www.ecojardi.com\/wp-content\/uploads\/2024\/11\/baixa.png","width":284,"height":85,"caption":"www.ecojardi.com"},"image":{"@id":"https:\/\/www.ecojardi.com\/#\/schema\/logo\/image\/"},"sameAs":["https:\/\/www.facebook.com\/ecojardi2\/","https:\/\/www.instagram.com\/ecojardi\/","https:\/\/es.pinterest.com\/ecojardi\/","https:\/\/www.habitissimo.es\/ecojardi\/-588905cdb36e0","https:\/\/www.houzz.es\/profesionales\/jardineros\/ecojardi-pfvwes-pf~1763485695","https:\/\/www.youtube.com\/ecojardi"]}]}},"_links":{"self":[{"href":"https:\/\/www.ecojardi.com\/index.php\/wp-json\/wp\/v2\/pages\/64","targetHints":{"allow":["GET"]}}],"collection":[{"href":"https:\/\/www.ecojardi.com\/index.php\/wp-json\/wp\/v2\/pages"}],"about":[{"href":"https:\/\/www.ecojardi.com\/index.php\/wp-json\/wp\/v2\/types\/page"}],"author":[{"embeddable":true,"href":"https:\/\/www.ecojardi.com\/index.php\/wp-json\/wp\/v2\/users\/1"}],"replies":[{"embeddable":true,"href":"https:\/\/www.ecojardi.com\/index.php\/wp-json\/wp\/v2\/comments?post=64"}],"version-history":[{"count":8,"href":"https:\/\/www.ecojardi.com\/index.php\/wp-json\/wp\/v2\/pages\/64\/revisions"}],"predecessor-version":[{"id":358,"href":"https:\/\/www.ecojardi.com\/index.php\/wp-json\/wp\/v2\/pages\/64\/revisions\/358"}],"wp:attachment":[{"href":"https:\/\/www.ecojardi.com\/index.php\/wp-json\/wp\/v2\/media?parent=64"}],"curies":[{"name":"wp","href":"https:\/\/api.w.org\/{rel}","templated":true}]}}